Last updated on 2022-04-24 03:52:28 CEST.
Flavor | Version | Tinstall | Tcheck | Ttotal | Status | Flags |
---|---|---|---|---|---|---|
r-devel-linux-x86_64-debian-clang | 0.1.1 | 2.62 | 43.16 | 45.78 | NOTE | |
r-devel-linux-x86_64-debian-gcc | 0.1.1 | 2.18 | 33.57 | 35.75 | NOTE | |
r-devel-linux-x86_64-fedora-clang | 0.1.1 | 56.83 | NOTE | |||
r-devel-linux-x86_64-fedora-gcc | 0.1.1 | 44.43 | NOTE | |||
r-patched-linux-x86_64 | 0.1.1 | 1.76 | 42.15 | 43.91 | NOTE | |
r-release-linux-x86_64 | 0.1.1 | 2.21 | 41.76 | 43.97 | NOTE | |
r-release-macos-arm64 | 0.1.1 | NOTE | ||||
r-release-macos-x86_64 | 0.1.1 | NOTE | ||||
r-release-windows-x86_64 | 0.1.1 | 20.00 | 71.00 | 91.00 | NOTE | |
r-oldrel-macos-arm64 | 0.1.1 | NOTE | ||||
r-oldrel-macos-x86_64 | 0.1.1 | NOTE | ||||
r-oldrel-windows-ix86+x86_64 | 0.1.1 | 6.00 | 61.00 | 67.00 | NOTE |
Version: 0.1.1
Check: LazyData
Result: NOTE
'LazyData' is specified without a 'data' directory
Flavors: r-devel-linux-x86_64-debian-clang, r-devel-linux-x86_64-debian-gcc, r-devel-linux-x86_64-fedora-clang, r-devel-linux-x86_64-fedora-gcc, r-patched-linux-x86_64, r-release-linux-x86_64, r-release-macos-arm64, r-release-macos-x86_64, r-release-windows-x86_64, r-oldrel-macos-arm64, r-oldrel-macos-x86_64, r-oldrel-windows-ix86+x86_64