Last updated on 2022-04-24 03:52:28 CEST.
Flavor | Version | Tinstall | Tcheck | Ttotal | Status | Flags |
---|---|---|---|---|---|---|
r-devel-linux-x86_64-debian-clang | 0.1.7 | 123.72 | 57.97 | 181.69 | OK | |
r-devel-linux-x86_64-debian-gcc | 0.1.7 | 104.02 | 43.32 | 147.34 | OK | |
r-devel-linux-x86_64-fedora-clang | 0.1.7 | 266.77 | NOTE | |||
r-devel-linux-x86_64-fedora-gcc | 0.1.7 | 230.43 | OK | |||
r-patched-linux-x86_64 | 0.1.7 | 108.20 | 54.99 | 163.19 | OK | |
r-release-linux-x86_64 | 0.1.7 | 113.49 | 57.35 | 170.84 | OK | |
r-release-macos-arm64 | 0.1.7 | NOTE | ||||
r-release-macos-x86_64 | 0.1.7 | NOTE | ||||
r-release-windows-x86_64 | 0.1.7 | 137.00 | 115.00 | 252.00 | OK | |
r-oldrel-macos-arm64 | 0.1.7 | NOTE | ||||
r-oldrel-macos-x86_64 | 0.1.7 | NOTE | ||||
r-oldrel-windows-ix86+x86_64 | 0.1.7 | 277.00 | 112.00 | 389.00 | OK |
Version: 0.1.7
Check: installed package size
Result: NOTE
installed size is 8.5Mb
sub-directories of 1Mb or more:
libs 7.1Mb
Flavors: r-devel-linux-x86_64-fedora-clang, r-release-macos-arm64, r-release-macos-x86_64, r-oldrel-macos-arm64, r-oldrel-macos-x86_64