Last updated on 2022-04-24 03:52:28 CEST.
Flavor | Version | Tinstall | Tcheck | Ttotal | Status | Flags |
---|---|---|---|---|---|---|
r-devel-linux-x86_64-debian-clang | 0.1.0 | 7.65 | 69.96 | 77.61 | OK | |
r-devel-linux-x86_64-debian-gcc | 0.1.0 | 5.61 | 52.65 | 58.26 | OK | |
r-devel-linux-x86_64-fedora-clang | 0.1.0 | 100.67 | NOTE | |||
r-devel-linux-x86_64-fedora-gcc | 0.1.0 | 82.82 | NOTE | |||
r-patched-linux-x86_64 | 0.1.0 | 5.01 | 65.84 | 70.85 | OK | |
r-release-linux-x86_64 | 0.1.0 | 4.18 | 62.17 | 66.35 | OK | |
r-release-macos-arm64 | 0.1.0 | NOTE | ||||
r-release-macos-x86_64 | 0.1.0 | NOTE | ||||
r-release-windows-x86_64 | 0.1.0 | 45.00 | 88.00 | 133.00 | OK | |
r-oldrel-macos-arm64 | 0.1.0 | NOTE | ||||
r-oldrel-macos-x86_64 | 0.1.0 | NOTE | ||||
r-oldrel-windows-ix86+x86_64 | 0.1.0 | 17.00 | 84.00 | 101.00 | OK |
Version: 0.1.0
Check: data for non-ASCII characters
Result: NOTE
Note: found 2 marked UTF-8 strings
Flavors: r-devel-linux-x86_64-fedora-clang, r-devel-linux-x86_64-fedora-gcc, r-release-macos-arm64, r-release-macos-x86_64, r-oldrel-macos-arm64, r-oldrel-macos-x86_64