Last updated on 2022-04-24 03:52:28 CEST.
Flavor | Version | Tinstall | Tcheck | Ttotal | Status | Flags |
---|---|---|---|---|---|---|
r-devel-linux-x86_64-debian-clang | 1.0.0 | 10.28 | 572.29 | 582.57 | OK | |
r-devel-linux-x86_64-debian-gcc | 1.0.0 | 8.55 | 407.06 | 415.61 | OK | |
r-devel-linux-x86_64-fedora-clang | 1.0.0 | 641.20 | NOTE | |||
r-devel-linux-x86_64-fedora-gcc | 1.0.0 | 638.47 | OK | |||
r-patched-linux-x86_64 | 1.0.0 | 6.97 | 529.64 | 536.61 | OK | |
r-release-linux-x86_64 | 1.0.0 | 5.87 | 524.70 | 530.57 | OK | |
r-release-macos-arm64 | 1.0.0 | OK | ||||
r-release-macos-x86_64 | 1.0.0 | OK | ||||
r-release-windows-x86_64 | 1.0.0 | 114.00 | 588.00 | 702.00 | OK | |
r-oldrel-macos-arm64 | 1.0.0 | OK | ||||
r-oldrel-macos-x86_64 | 1.0.0 | OK | ||||
r-oldrel-windows-ix86+x86_64 | 1.0.0 | 20.00 | 631.00 | 651.00 | OK |
Version: 1.0.0
Check: Rd cross-references
Result: NOTE
Undeclared package ‘parsnip’ in Rd xrefs
Flavor: r-devel-linux-x86_64-fedora-clang