Last updated on 2022-04-24 03:52:28 CEST.
Flavor | Version | Tinstall | Tcheck | Ttotal | Status | Flags |
---|---|---|---|---|---|---|
r-devel-linux-x86_64-debian-clang | 1.0 | 61.80 | 93.82 | 155.62 | OK | |
r-devel-linux-x86_64-debian-gcc | 1.0 | 49.57 | 68.07 | 117.64 | OK | |
r-devel-linux-x86_64-fedora-clang | 1.0 | 202.01 | OK | |||
r-devel-linux-x86_64-fedora-gcc | 1.0 | 184.49 | OK | |||
r-patched-linux-x86_64 | 1.0 | 56.09 | 88.49 | 144.58 | OK | |
r-release-linux-x86_64 | 1.0 | 45.84 | 82.85 | 128.69 | OK | |
r-release-macos-arm64 | 1.0 | NOTE | ||||
r-release-macos-x86_64 | 1.0 | NOTE | ||||
r-release-windows-x86_64 | 1.0 | 69.00 | 128.00 | 197.00 | OK | |
r-oldrel-macos-arm64 | 1.0 | NOTE | ||||
r-oldrel-macos-x86_64 | 1.0 | NOTE | ||||
r-oldrel-windows-ix86+x86_64 | 1.0 | 144.00 | 162.00 | 306.00 | OK |
Version: 1.0
Check: installed package size
Result: NOTE
installed size is 6.0Mb
sub-directories of 1Mb or more:
libs 5.8Mb
Flavors: r-release-macos-arm64, r-release-macos-x86_64, r-oldrel-macos-arm64, r-oldrel-macos-x86_64