Last updated on 2022-04-24 03:52:28 CEST.
Flavor | Version | Tinstall | Tcheck | Ttotal | Status | Flags |
---|---|---|---|---|---|---|
r-devel-linux-x86_64-debian-clang | 1.0-5 | 6.25 | 64.35 | 70.60 | NOTE | |
r-devel-linux-x86_64-debian-gcc | 1.0-5 | 5.31 | 48.56 | 53.87 | NOTE | |
r-devel-linux-x86_64-fedora-clang | 1.0-5 | 84.22 | NOTE | |||
r-devel-linux-x86_64-fedora-gcc | 1.0-5 | 72.70 | NOTE | |||
r-patched-linux-x86_64 | 1.0-5 | 9.53 | 59.60 | 69.13 | NOTE | |
r-release-linux-x86_64 | 1.0-5 | 5.96 | 57.92 | 63.88 | NOTE | |
r-release-macos-arm64 | 1.0-5 | NOTE | ||||
r-release-macos-x86_64 | 1.0-5 | NOTE | ||||
r-release-windows-x86_64 | 1.0-5 | 15.00 | 81.00 | 96.00 | NOTE | |
r-oldrel-macos-arm64 | 1.0-5 | NOTE | ||||
r-oldrel-macos-x86_64 | 1.0-5 | NOTE | ||||
r-oldrel-windows-ix86+x86_64 | 1.0-5 | 12.00 | 71.00 | 83.00 | NOTE |
Version: 1.0-5
Check: R code for possible problems
Result: NOTE
gen.intercepts: no visible global function definition for 'contr.SAS'
Undefined global functions or variables:
contr.SAS
Consider adding
importFrom("stats", "contr.SAS")
to your NAMESPACE file.
Flavors: r-devel-linux-x86_64-debian-clang, r-devel-linux-x86_64-debian-gcc, r-devel-linux-x86_64-fedora-clang, r-devel-linux-x86_64-fedora-gcc, r-patched-linux-x86_64, r-release-linux-x86_64, r-release-macos-arm64, r-release-macos-x86_64, r-release-windows-x86_64, r-oldrel-macos-arm64, r-oldrel-macos-x86_64, r-oldrel-windows-ix86+x86_64