Last updated on 2022-04-24 03:52:28 CEST.
Flavor | Version | Tinstall | Tcheck | Ttotal | Status | Flags |
---|---|---|---|---|---|---|
r-devel-linux-x86_64-debian-clang | 1.2.0.1 | 6.52 | 30.91 | 37.43 | OK | |
r-devel-linux-x86_64-debian-gcc | 1.2.0.1 | 4.24 | 23.67 | 27.91 | OK | |
r-devel-linux-x86_64-fedora-clang | 1.2.0.1 | 46.90 | NOTE | |||
r-devel-linux-x86_64-fedora-gcc | 1.2.0.1 | 32.97 | NOTE | |||
r-patched-linux-x86_64 | 1.2.0.1 | 5.57 | 29.70 | 35.27 | OK | |
r-release-linux-x86_64 | 1.2.0.1 | 4.30 | 29.37 | 33.67 | OK | |
r-release-macos-arm64 | 1.2.0.1 | OK | ||||
r-release-macos-x86_64 | 1.2.0.1 | OK | ||||
r-release-windows-x86_64 | 1.2.0.1 | 21.00 | 68.00 | 89.00 | OK | |
r-oldrel-macos-arm64 | 1.2.0.1 | OK | ||||
r-oldrel-macos-x86_64 | 1.2.0.1 | OK | ||||
r-oldrel-windows-ix86+x86_64 | 1.2.0.1 | 15.00 | 52.00 | 67.00 | OK |
Version: 1.2.0.1
Check: compiled code
Result: NOTE
File ‘infotheo/libs/infotheo.so’:
Found no calls to: ‘R_registerRoutines’, ‘R_useDynamicSymbols’
It is good practice to register native routines and to disable symbol
search.
See ‘Writing portable packages’ in the ‘Writing R Extensions’ manual.
Flavors: r-devel-linux-x86_64-fedora-clang, r-devel-linux-x86_64-fedora-gcc