Last updated on 2022-04-24 03:52:28 CEST.
Flavor | Version | Tinstall | Tcheck | Ttotal | Status | Flags |
---|---|---|---|---|---|---|
r-devel-linux-x86_64-debian-clang | 0.1.2 | 2.25 | 29.41 | 31.66 | NOTE | |
r-devel-linux-x86_64-debian-gcc | 0.1.2 | 1.63 | 23.04 | 24.67 | NOTE | |
r-devel-linux-x86_64-fedora-clang | 0.1.2 | 38.99 | NOTE | |||
r-devel-linux-x86_64-fedora-gcc | 0.1.2 | 27.28 | NOTE | |||
r-patched-linux-x86_64 | 0.1.2 | 2.20 | 28.65 | 30.85 | NOTE | |
r-release-linux-x86_64 | 0.1.2 | 2.00 | 28.16 | 30.16 | NOTE | |
r-release-macos-arm64 | 0.1.2 | NOTE | ||||
r-release-macos-x86_64 | 0.1.2 | NOTE | ||||
r-release-windows-x86_64 | 0.1.2 | 8.00 | 47.00 | 55.00 | NOTE | |
r-oldrel-macos-arm64 | 0.1.2 | NOTE | ||||
r-oldrel-macos-x86_64 | 0.1.2 | NOTE | ||||
r-oldrel-windows-ix86+x86_64 | 0.1.2 | 4.00 | 29.00 | 33.00 | NOTE |
Version: 0.1.2
Check: DESCRIPTION meta-information
Result: NOTE
Malformed Description field: should contain one or more complete sentences.
Flavors: r-devel-linux-x86_64-debian-clang, r-devel-linux-x86_64-debian-gcc, r-devel-linux-x86_64-fedora-clang, r-devel-linux-x86_64-fedora-gcc, r-patched-linux-x86_64, r-release-linux-x86_64, r-release-macos-arm64, r-release-macos-x86_64, r-release-windows-x86_64, r-oldrel-macos-arm64, r-oldrel-macos-x86_64, r-oldrel-windows-ix86+x86_64
Version: 0.1.2
Check: R code for possible problems
Result: NOTE
getInfra: no visible global function definition for 'txtProgressBar'
getInfra: no visible global function definition for 'download.file'
getInfra: no visible global function definition for 'setTxtProgressBar'
getInfra : <anonymous>: no visible global function definition for
'download.file'
Undefined global functions or variables:
download.file setTxtProgressBar txtProgressBar
Consider adding
importFrom("utils", "download.file", "setTxtProgressBar",
"txtProgressBar")
to your NAMESPACE file.
Flavors: r-devel-linux-x86_64-debian-clang, r-devel-linux-x86_64-debian-gcc, r-devel-linux-x86_64-fedora-clang, r-devel-linux-x86_64-fedora-gcc, r-patched-linux-x86_64, r-release-linux-x86_64, r-release-macos-arm64, r-release-macos-x86_64, r-release-windows-x86_64, r-oldrel-macos-arm64, r-oldrel-macos-x86_64, r-oldrel-windows-ix86+x86_64
Version: 0.1.2
Check: LazyData
Result: NOTE
'LazyData' is specified without a 'data' directory
Flavors: r-devel-linux-x86_64-debian-clang, r-devel-linux-x86_64-debian-gcc, r-devel-linux-x86_64-fedora-clang, r-devel-linux-x86_64-fedora-gcc, r-patched-linux-x86_64, r-release-linux-x86_64, r-release-macos-arm64, r-release-macos-x86_64, r-release-windows-x86_64, r-oldrel-macos-arm64, r-oldrel-macos-x86_64, r-oldrel-windows-ix86+x86_64
Version: 0.1.2
Check: for non-standard things in the check directory
Result: NOTE
Found the following files/directories:
'bingFileContents.txt' 'japanInfraBing.png'
Flavors: r-devel-linux-x86_64-debian-clang, r-devel-linux-x86_64-debian-gcc, r-devel-linux-x86_64-fedora-clang, r-devel-linux-x86_64-fedora-gcc, r-patched-linux-x86_64, r-release-linux-x86_64