Last updated on 2022-04-24 03:52:28 CEST.
Flavor | Version | Tinstall | Tcheck | Ttotal | Status | Flags |
---|---|---|---|---|---|---|
r-devel-linux-x86_64-debian-clang | 0.6 | 2.92 | 37.39 | 40.31 | NOTE | |
r-devel-linux-x86_64-debian-gcc | 0.6 | 1.96 | 28.22 | 30.18 | NOTE | |
r-devel-linux-x86_64-fedora-clang | 0.6 | 49.11 | NOTE | |||
r-devel-linux-x86_64-fedora-gcc | 0.6 | 36.11 | NOTE | |||
r-patched-linux-x86_64 | 0.6 | 2.97 | 35.80 | 38.77 | NOTE | |
r-release-linux-x86_64 | 0.6 | 2.32 | 34.17 | 36.49 | NOTE | |
r-release-macos-arm64 | 0.6 | OK | ||||
r-release-macos-x86_64 | 0.6 | OK | ||||
r-release-windows-x86_64 | 0.6 | 21.00 | 53.00 | 74.00 | OK | |
r-oldrel-macos-arm64 | 0.6 | OK | ||||
r-oldrel-macos-x86_64 | 0.6 | OK | ||||
r-oldrel-windows-ix86+x86_64 | 0.6 | 6.00 | 46.00 | 52.00 | OK |
Version: 0.6
Check: for non-standard things in the check directory
Result: NOTE
Found the following files/directories:
'c.txt' 'rho.txt' 'sta.txt' 'topo.txt'
Flavors: r-devel-linux-x86_64-debian-clang, r-devel-linux-x86_64-debian-gcc, r-devel-linux-x86_64-fedora-clang, r-devel-linux-x86_64-fedora-gcc, r-patched-linux-x86_64, r-release-linux-x86_64