Last updated on 2022-04-24 03:52:28 CEST.
Flavor | Version | Tinstall | Tcheck | Ttotal | Status | Flags |
---|---|---|---|---|---|---|
r-devel-linux-x86_64-debian-clang | 1.0.3 | 16.42 | 81.75 | 98.17 | OK | |
r-devel-linux-x86_64-debian-gcc | 1.0.3 | 14.98 | 61.87 | 76.85 | OK | |
r-devel-linux-x86_64-fedora-clang | 1.0.3 | 121.63 | NOTE | |||
r-devel-linux-x86_64-fedora-gcc | 1.0.3 | 105.81 | NOTE | |||
r-patched-linux-x86_64 | 1.0.3 | 18.39 | 76.67 | 95.06 | OK | |
r-release-linux-x86_64 | 1.0.3 | 18.86 | 75.44 | 94.30 | OK | |
r-release-macos-arm64 | 1.0.3 | NOTE | ||||
r-release-macos-x86_64 | 1.0.3 | NOTE | ||||
r-release-windows-x86_64 | 1.0.3 | 31.00 | 108.00 | 139.00 | OK | |
r-oldrel-macos-arm64 | 1.0.3 | NOTE | ||||
r-oldrel-macos-x86_64 | 1.0.3 | NOTE | ||||
r-oldrel-windows-ix86+x86_64 | 1.0.3 | 24.00 | 107.00 | 131.00 | OK |
Version: 1.0.3
Check: dependencies in R code
Result: NOTE
Namespaces in Imports field not imported from:
‘raster’ ‘sp’
All declared Imports should be used.
Flavors: r-devel-linux-x86_64-fedora-clang, r-devel-linux-x86_64-fedora-gcc, r-release-macos-arm64, r-release-macos-x86_64, r-oldrel-macos-arm64, r-oldrel-macos-x86_64