Last updated on 2022-04-24 03:52:28 CEST.
Flavor | Version | Tinstall | Tcheck | Ttotal | Status | Flags |
---|---|---|---|---|---|---|
r-devel-linux-x86_64-debian-clang | 2019.12.5 | 5.95 | 43.12 | 49.07 | OK | |
r-devel-linux-x86_64-debian-gcc | 2019.12.5 | 4.02 | 33.88 | 37.90 | OK | |
r-devel-linux-x86_64-fedora-clang | 2019.12.5 | 60.13 | NOTE | |||
r-devel-linux-x86_64-fedora-gcc | 2019.12.5 | 48.20 | OK | |||
r-patched-linux-x86_64 | 2019.12.5 | 5.96 | 42.81 | 48.77 | OK | |
r-release-linux-x86_64 | 2019.12.5 | 3.86 | 42.14 | 46.00 | OK | |
r-release-macos-arm64 | 2019.12.5 | OK | ||||
r-release-macos-x86_64 | 2019.12.5 | OK | ||||
r-release-windows-x86_64 | 2019.12.5 | 81.00 | 74.00 | 155.00 | OK | |
r-oldrel-macos-arm64 | 2019.12.5 | OK | ||||
r-oldrel-macos-x86_64 | 2019.12.5 | OK | ||||
r-oldrel-windows-ix86+x86_64 | 2019.12.5 | 10.00 | 56.00 | 66.00 | OK |
Version: 2019.12.5
Check: Rd cross-references
Result: NOTE
Undeclared package ‘R.methodsS3’ in Rd xrefs
Flavor: r-devel-linux-x86_64-fedora-clang