Last updated on 2022-04-24 03:52:28 CEST.
Flavor | Version | Tinstall | Tcheck | Ttotal | Status | Flags |
---|---|---|---|---|---|---|
r-devel-linux-x86_64-debian-clang | 1.0.2 | 2.56 | 153.47 | 156.03 | OK | |
r-devel-linux-x86_64-debian-gcc | 1.0.2 | 2.31 | 107.74 | 110.05 | OK | |
r-devel-linux-x86_64-fedora-clang | 1.0.2 | 194.22 | OK | |||
r-devel-linux-x86_64-fedora-gcc | 1.0.2 | 172.20 | OK | |||
r-patched-linux-x86_64 | 1.0.2 | 2.50 | 147.70 | 150.20 | OK | |
r-release-linux-x86_64 | 1.0.2 | 3.37 | 150.61 | 153.98 | OK | |
r-release-macos-arm64 | 1.0.2 | OK | ||||
r-release-macos-x86_64 | 1.0.2 | WARN | ||||
r-release-windows-x86_64 | 1.0.2 | 23.00 | 169.00 | 192.00 | OK | |
r-oldrel-macos-arm64 | 1.0.2 | OK | ||||
r-oldrel-macos-x86_64 | 1.0.2 | WARN | ||||
r-oldrel-windows-ix86+x86_64 | 1.0.2 | 6.00 | 157.00 | 163.00 | OK |
Version: 1.0.2
Check: re-building of vignette outputs
Result: WARN
Error(s) in re-building vignettes:
...
--- re-building ‘inl-analysis.Rmd’ using rmarkdown
Pandoc is required to build R Markdown vignettes but not available. Please make sure it is installed.
Quitting from lines 118-143 (inl-analysis.Rmd)
Error: processing vignette 'inl-analysis.Rmd' failed with diagnostics:
there is no package called 'terra'
--- failed re-building ‘inl-analysis.Rmd’
--- re-building ‘inl-authors.Rmd’ using rmarkdown
Pandoc is required to build R Markdown vignettes but not available. Please make sure it is installed.
--- finished re-building ‘inl-authors.Rmd’
--- re-building ‘inl-bibliography.Rmd’ using rmarkdown
Pandoc is required to build R Markdown vignettes but not available. Please make sure it is installed.
--- finished re-building ‘inl-bibliography.Rmd’
SUMMARY: processing the following file failed:
‘inl-analysis.Rmd’
Error: Vignette re-building failed.
Execution halted
Flavors: r-release-macos-x86_64, r-oldrel-macos-x86_64