Last updated on 2022-04-24 03:52:28 CEST.
Flavor | Version | Tinstall | Tcheck | Ttotal | Status | Flags |
---|---|---|---|---|---|---|
r-devel-linux-x86_64-debian-clang | 0.1.11 | 7.56 | 79.41 | 86.97 | OK | |
r-devel-linux-x86_64-debian-gcc | 0.1.11 | 5.10 | 58.65 | 63.75 | OK | |
r-devel-linux-x86_64-fedora-clang | 0.1.11 | 101.88 | NOTE | |||
r-devel-linux-x86_64-fedora-gcc | 0.1.11 | 90.53 | NOTE | |||
r-patched-linux-x86_64 | 0.1.11 | 7.43 | 74.49 | 81.92 | OK | |
r-release-linux-x86_64 | 0.1.11 | 6.53 | 70.35 | 76.88 | OK | |
r-release-macos-arm64 | 0.1.11 | NOTE | ||||
r-release-macos-x86_64 | 0.1.11 | NOTE | ||||
r-release-windows-x86_64 | 0.1.11 | 19.00 | 110.00 | 129.00 | OK | |
r-oldrel-macos-arm64 | 0.1.11 | NOTE | ||||
r-oldrel-macos-x86_64 | 0.1.11 | NOTE | ||||
r-oldrel-windows-ix86+x86_64 | 0.1.11 | 18.00 | 93.00 | 111.00 | OK |
Version: 0.1.11
Check: dependencies in R code
Result: NOTE
Namespace in Imports field not imported from: ‘ca’
All declared Imports should be used.
Flavors: r-devel-linux-x86_64-fedora-clang, r-devel-linux-x86_64-fedora-gcc, r-release-macos-arm64, r-release-macos-x86_64, r-oldrel-macos-arm64, r-oldrel-macos-x86_64