Last updated on 2022-04-24 03:52:28 CEST.
Flavor | Version | Tinstall | Tcheck | Ttotal | Status | Flags |
---|---|---|---|---|---|---|
r-devel-linux-x86_64-debian-clang | 0.1.2 | 112.19 | 43.59 | 155.78 | NOTE | |
r-devel-linux-x86_64-debian-gcc | 0.1.2 | 83.76 | 33.19 | 116.95 | NOTE | |
r-devel-linux-x86_64-fedora-clang | 0.1.2 | 229.49 | NOTE | |||
r-devel-linux-x86_64-fedora-gcc | 0.1.2 | 180.23 | NOTE | |||
r-patched-linux-x86_64 | 0.1.2 | 93.39 | 41.34 | 134.73 | NOTE | |
r-release-linux-x86_64 | 0.1.2 | 90.40 | 40.25 | 130.65 | NOTE | |
r-release-macos-arm64 | 0.1.2 | NOTE | ||||
r-release-macos-x86_64 | 0.1.2 | NOTE | ||||
r-release-windows-x86_64 | 0.1.2 | 88.00 | 83.00 | 171.00 | NOTE | |
r-oldrel-macos-arm64 | 0.1.2 | NOTE | ||||
r-oldrel-macos-x86_64 | 0.1.2 | NOTE | ||||
r-oldrel-windows-ix86+x86_64 | 0.1.2 | 255.00 | 83.00 | 338.00 | NOTE |
Version: 0.1.2
Check: LazyData
Result: NOTE
'LazyData' is specified without a 'data' directory
Flavors: r-devel-linux-x86_64-debian-clang, r-devel-linux-x86_64-debian-gcc, r-devel-linux-x86_64-fedora-clang, r-devel-linux-x86_64-fedora-gcc, r-patched-linux-x86_64, r-release-linux-x86_64, r-release-macos-arm64, r-release-macos-x86_64, r-release-windows-x86_64, r-oldrel-macos-arm64, r-oldrel-macos-x86_64, r-oldrel-windows-ix86+x86_64