Last updated on 2022-04-24 03:52:28 CEST.
Flavor | Version | Tinstall | Tcheck | Ttotal | Status | Flags |
---|---|---|---|---|---|---|
r-devel-linux-x86_64-debian-clang | 0.17.0 | 26.09 | 355.24 | 381.33 | OK | |
r-devel-linux-x86_64-debian-gcc | 0.17.0 | 23.22 | 251.23 | 274.45 | OK | |
r-devel-linux-x86_64-fedora-clang | 0.17.0 | 455.74 | OK | |||
r-devel-linux-x86_64-fedora-gcc | 0.17.0 | 442.06 | OK | |||
r-patched-linux-x86_64 | 0.17.0 | 26.96 | 331.86 | 358.82 | NOTE | |
r-release-linux-x86_64 | 0.17.0 | 25.78 | 322.02 | 347.80 | NOTE | |
r-release-macos-arm64 | 0.17.0 | OK | ||||
r-release-macos-x86_64 | 0.17.0 | OK | ||||
r-release-windows-x86_64 | 0.17.0 | 324.00 | 395.00 | 719.00 | OK | |
r-oldrel-macos-arm64 | 0.17.0 | OK | ||||
r-oldrel-macos-x86_64 | 0.17.0 | OK | ||||
r-oldrel-windows-ix86+x86_64 | 0.17.0 | 44.00 | 404.00 | 448.00 | OK |
Version: 0.17.0
Check: package dependencies
Result: NOTE
Package suggested but not available for checking: ‘blavaan’
Flavors: r-patched-linux-x86_64, r-release-linux-x86_64