Last updated on 2022-04-24 03:52:28 CEST.
Flavor | Version | Tinstall | Tcheck | Ttotal | Status | Flags |
---|---|---|---|---|---|---|
r-devel-linux-x86_64-debian-clang | 0.23.2 | 4.51 | 58.34 | 62.85 | OK | |
r-devel-linux-x86_64-debian-gcc | 0.23.2 | 3.57 | 44.60 | 48.17 | OK | |
r-devel-linux-x86_64-fedora-clang | 0.23.2 | 75.87 | OK | |||
r-devel-linux-x86_64-fedora-gcc | 0.23.2 | 74.29 | NOTE | |||
r-patched-linux-x86_64 | 0.23.2 | 6.65 | 56.29 | 62.94 | OK | |
r-release-linux-x86_64 | 0.23.2 | 4.41 | 55.52 | 59.93 | OK | |
r-release-macos-arm64 | 0.23.2 | OK | ||||
r-release-macos-x86_64 | 0.23.2 | OK | ||||
r-release-windows-x86_64 | 0.23.2 | 56.00 | 82.00 | 138.00 | OK | |
r-oldrel-macos-arm64 | 0.23.2 | OK | ||||
r-oldrel-macos-x86_64 | 0.23.2 | OK | ||||
r-oldrel-windows-ix86+x86_64 | 0.23.2 | 9.00 | 68.00 | 77.00 | OK |
Version: 0.23.2
Check: for non-standard things in the check directory
Result: NOTE
Found the following files/directories:
‘pkgbuild’
Flavor: r-devel-linux-x86_64-fedora-gcc