Last updated on 2022-04-24 03:52:28 CEST.
Flavor | Version | Tinstall | Tcheck | Ttotal | Status | Flags |
---|---|---|---|---|---|---|
r-devel-linux-x86_64-debian-clang | 1.0 | 1.64 | 27.75 | 29.39 | NOTE | |
r-devel-linux-x86_64-debian-gcc | 1.0 | 1.11 | 21.64 | 22.75 | NOTE | |
r-devel-linux-x86_64-fedora-clang | 1.0 | 36.41 | NOTE | |||
r-devel-linux-x86_64-fedora-gcc | 1.0 | 25.82 | NOTE | |||
r-patched-linux-x86_64 | 1.0 | 1.36 | 27.51 | 28.87 | NOTE | |
r-release-linux-x86_64 | 1.0 | 1.71 | 26.21 | 27.92 | NOTE | |
r-release-macos-arm64 | 1.0 | NOTE | ||||
r-release-macos-x86_64 | 1.0 | NOTE | ||||
r-release-windows-x86_64 | 1.0 | 16.00 | 43.00 | 59.00 | NOTE | |
r-oldrel-macos-arm64 | 1.0 | NOTE | ||||
r-oldrel-macos-x86_64 | 1.0 | NOTE | ||||
r-oldrel-windows-ix86+x86_64 | 1.0 | 4.00 | 29.00 | 33.00 | NOTE |
Version: 1.0
Check: DESCRIPTION meta-information
Result: NOTE
Malformed Title field: should not end in a period.
Flavors: r-devel-linux-x86_64-debian-clang, r-devel-linux-x86_64-debian-gcc, r-devel-linux-x86_64-fedora-clang, r-devel-linux-x86_64-fedora-gcc, r-patched-linux-x86_64, r-release-linux-x86_64, r-release-macos-arm64, r-release-macos-x86_64, r-release-windows-x86_64, r-oldrel-macos-arm64, r-oldrel-macos-x86_64, r-oldrel-windows-ix86+x86_64