Last updated on 2022-04-24 03:52:28 CEST.
Flavor | Version | Tinstall | Tcheck | Ttotal | Status | Flags |
---|---|---|---|---|---|---|
r-devel-linux-x86_64-debian-clang | 0.1.3 | 57.91 | 49.65 | 107.56 | OK | |
r-devel-linux-x86_64-debian-gcc | 0.1.3 | 49.36 | 39.56 | 88.92 | OK | |
r-devel-linux-x86_64-fedora-clang | 0.1.3 | 155.21 | NOTE | |||
r-devel-linux-x86_64-fedora-gcc | 0.1.3 | 134.25 | OK | |||
r-patched-linux-x86_64 | 0.1.3 | 51.92 | 49.16 | 101.08 | OK | |
r-release-linux-x86_64 | 0.1.3 | 51.64 | 46.86 | 98.50 | OK | |
r-release-macos-arm64 | 0.1.3 | NOTE | ||||
r-release-macos-x86_64 | 0.1.3 | NOTE | ||||
r-release-windows-x86_64 | 0.1.3 | 56.00 | 112.00 | 168.00 | OK | |
r-oldrel-macos-arm64 | 0.1.3 | NOTE | ||||
r-oldrel-macos-x86_64 | 0.1.3 | NOTE | ||||
r-oldrel-windows-ix86+x86_64 | 0.1.3 | 135.00 | 98.00 | 233.00 | OK |
Version: 0.1.3
Check: installed package size
Result: NOTE
installed size is 9.6Mb
sub-directories of 1Mb or more:
libs 9.3Mb
Flavors: r-devel-linux-x86_64-fedora-clang, r-release-macos-arm64, r-release-macos-x86_64, r-oldrel-macos-arm64, r-oldrel-macos-x86_64