Last updated on 2022-04-24 03:52:28 CEST.
Flavor | Version | Tinstall | Tcheck | Ttotal | Status | Flags |
---|---|---|---|---|---|---|
r-devel-linux-x86_64-debian-clang | 1.0.0 | 8.74 | 99.82 | 108.56 | OK | |
r-devel-linux-x86_64-debian-gcc | 1.0.0 | 6.18 | 74.01 | 80.19 | OK | |
r-devel-linux-x86_64-fedora-clang | 1.0.0 | 133.17 | OK | |||
r-devel-linux-x86_64-fedora-gcc | 1.0.0 | 122.95 | OK | |||
r-patched-linux-x86_64 | 1.0.0 | 5.02 | 93.33 | 98.35 | OK | |
r-release-linux-x86_64 | 1.0.0 | 4.36 | 90.43 | 94.79 | OK | |
r-release-macos-arm64 | 1.0.0 | OK | ||||
r-release-macos-x86_64 | 1.0.0 | WARN | ||||
r-release-windows-x86_64 | 1.0.0 | 19.00 | 124.00 | 143.00 | OK | |
r-oldrel-macos-arm64 | 1.0.0 | OK | ||||
r-oldrel-macos-x86_64 | 1.0.0 | WARN | ||||
r-oldrel-windows-ix86+x86_64 | 1.0.0 | 20.00 | 129.00 | 149.00 | OK |
Version: 1.0.0
Check: re-building of vignette outputs
Result: WARN
Error(s) in re-building vignettes:
--- re-building ‘IntGraphTutorial.Rmd’ using rmarkdown
Warning in engine$weave(file, quiet = quiet, encoding = enc) :
Pandoc (>= 1.12.3) not available. Falling back to R Markdown v1.
Loading required package: dplyr
Attaching package: 'dplyr'
The following objects are masked from 'package:stats':
filter, lag
The following objects are masked from 'package:base':
intersect, setdiff, setequal, union
Loading required package: DiagrammeR
Loading required package: DiagrammeRsvg
Loading required package: rsvg
Linking to librsvg 2.48.4
Loading required package: gtools
PhantomJS not found. You can install it with webshot::install_phantomjs(). If it is installed, please make sure the phantomjs executable can be found via the PATH variable.
PhantomJS not found. You can install it with webshot::install_phantomjs(). If it is installed, please make sure the phantomjs executable can be found via the PATH variable.
Quitting from lines 32-34 (IntGraphTutorial.Rmd)
Error: processing vignette 'IntGraphTutorial.Rmd' failed with diagnostics:
invalid 'path' argument
--- failed re-building ‘IntGraphTutorial.Rmd’
SUMMARY: processing the following file failed:
‘IntGraphTutorial.Rmd’
Error: Vignette re-building failed.
Execution halted
Flavors: r-release-macos-x86_64, r-oldrel-macos-x86_64