Last updated on 2022-04-24 03:52:28 CEST.
Flavor | Version | Tinstall | Tcheck | Ttotal | Status | Flags |
---|---|---|---|---|---|---|
r-devel-linux-x86_64-debian-clang | 0.1.1 | 2.88 | 51.68 | 54.56 | OK | |
r-devel-linux-x86_64-debian-gcc | 0.1.1 | 2.66 | 39.69 | 42.35 | OK | |
r-devel-linux-x86_64-fedora-clang | 0.1.1 | 66.42 | NOTE | |||
r-devel-linux-x86_64-fedora-gcc | 0.1.1 | 54.23 | NOTE | |||
r-patched-linux-x86_64 | 0.1.1 | 3.14 | 49.04 | 52.18 | OK | |
r-release-linux-x86_64 | 0.1.1 | 2.44 | 47.93 | 50.37 | OK | |
r-release-macos-arm64 | 0.1.1 | NOTE | ||||
r-release-macos-x86_64 | 0.1.1 | ERROR | ||||
r-release-windows-x86_64 | 0.1.1 | 24.00 | 74.00 | 98.00 | OK | |
r-oldrel-macos-arm64 | 0.1.1 | NOTE | ||||
r-oldrel-macos-x86_64 | 0.1.1 | ERROR | ||||
r-oldrel-windows-ix86+x86_64 | 0.1.1 | 7.00 | 67.00 | 74.00 | OK |
Version: 0.1.1
Check: dependencies in R code
Result: NOTE
Namespace in Imports field not imported from: ‘purrr’
All declared Imports should be used.
Flavors: r-devel-linux-x86_64-fedora-clang, r-devel-linux-x86_64-fedora-gcc, r-release-macos-arm64, r-release-macos-x86_64, r-oldrel-macos-arm64, r-oldrel-macos-x86_64
Version: 0.1.1
Check: tests
Result: ERROR
Running ‘testthat.R’ [1s/1s]
Running the tests in ‘tests/testthat.R’ failed.
Complete output:
> library(testthat)
> library(intensegRid)
>
> test_check("intensegRid")
Error: No root directory found in /Volumes/Builds/packages/high-sierra-x86_64/results/4.1/intensegRid.Rcheck/tests/testthat or its parent directories. Root criterion: contains a file "DESCRIPTION" with contents matching "^Package: "
Execution halted
Flavors: r-release-macos-x86_64, r-oldrel-macos-x86_64