Last updated on 2022-04-24 03:52:28 CEST.
Flavor | Version | Tinstall | Tcheck | Ttotal | Status | Flags |
---|---|---|---|---|---|---|
r-devel-linux-x86_64-debian-clang | 0.1.6 | 31.93 | 338.70 | 370.63 | NOTE | |
r-devel-linux-x86_64-debian-gcc | 0.1.6 | 24.58 | 247.15 | 271.73 | NOTE | |
r-devel-linux-x86_64-fedora-clang | 0.1.6 | 433.47 | NOTE | |||
r-devel-linux-x86_64-fedora-gcc | 0.1.6 | 413.07 | NOTE | |||
r-patched-linux-x86_64 | 0.1.6 | 27.61 | 313.97 | 341.58 | NOTE | |
r-release-linux-x86_64 | 0.1.6 | 26.52 | 289.58 | 316.10 | NOTE | |
r-release-macos-arm64 | 0.1.6 | NOTE | ||||
r-release-macos-x86_64 | 0.1.6 | NOTE | ||||
r-release-windows-x86_64 | 0.1.6 | 64.00 | 317.00 | 381.00 | NOTE | |
r-oldrel-macos-arm64 | 0.1.6 | NOTE | ||||
r-oldrel-macos-x86_64 | 0.1.6 | NOTE | ||||
r-oldrel-windows-ix86+x86_64 | 0.1.6 | 65.00 | 311.00 | 376.00 | NOTE |
Version: 0.1.6
Check: LazyData
Result: NOTE
'LazyData' is specified without a 'data' directory
Flavors: r-devel-linux-x86_64-debian-clang, r-devel-linux-x86_64-debian-gcc, r-devel-linux-x86_64-fedora-clang, r-devel-linux-x86_64-fedora-gcc, r-patched-linux-x86_64, r-release-linux-x86_64, r-release-macos-arm64, r-release-macos-x86_64, r-release-windows-x86_64, r-oldrel-macos-arm64, r-oldrel-macos-x86_64, r-oldrel-windows-ix86+x86_64
Version: 0.1.6
Check: dependencies in R code
Result: NOTE
Namespace in Imports field not imported from: ‘grDevices’
All declared Imports should be used.
Flavors: r-devel-linux-x86_64-fedora-clang, r-devel-linux-x86_64-fedora-gcc, r-release-macos-arm64, r-release-macos-x86_64, r-oldrel-macos-arm64, r-oldrel-macos-x86_64