Last updated on 2022-04-24 03:52:28 CEST.
Flavor | Version | Tinstall | Tcheck | Ttotal | Status | Flags |
---|---|---|---|---|---|---|
r-devel-linux-x86_64-debian-clang | 0.1.0 | 18.07 | 170.84 | 188.91 | OK | |
r-devel-linux-x86_64-debian-gcc | 0.1.0 | 11.82 | 126.27 | 138.09 | OK | |
r-devel-linux-x86_64-fedora-clang | 0.1.0 | 229.58 | NOTE | |||
r-devel-linux-x86_64-fedora-gcc | 0.1.0 | 219.51 | NOTE | |||
r-patched-linux-x86_64 | 0.1.0 | 10.19 | 159.26 | 169.45 | OK | |
r-release-linux-x86_64 | 0.1.0 | 8.85 | 150.20 | 159.05 | OK | |
r-release-macos-arm64 | 0.1.0 | NOTE | ||||
r-release-macos-x86_64 | 0.1.0 | NOTE | ||||
r-release-windows-x86_64 | 0.1.0 | 30.00 | 184.00 | 214.00 | OK | |
r-oldrel-macos-arm64 | 0.1.0 | NOTE | ||||
r-oldrel-macos-x86_64 | 0.1.0 | NOTE | ||||
r-oldrel-windows-ix86+x86_64 | 0.1.0 | 34.00 | 178.00 | 212.00 | OK |
Version: 0.1.0
Check: dependencies in R code
Result: NOTE
Namespaces in Imports field not imported from:
‘grDevices’ ‘methods’ ‘mlbench’ ‘parallel’ ‘utils’
All declared Imports should be used.
Flavors: r-devel-linux-x86_64-fedora-clang, r-devel-linux-x86_64-fedora-gcc, r-release-macos-arm64, r-release-macos-x86_64, r-oldrel-macos-arm64, r-oldrel-macos-x86_64