Last updated on 2022-04-24 03:52:28 CEST.
Flavor | Version | Tinstall | Tcheck | Ttotal | Status | Flags |
---|---|---|---|---|---|---|
r-devel-linux-x86_64-debian-clang | 1.1.5 | 10.83 | 290.53 | 301.36 | OK | |
r-devel-linux-x86_64-debian-gcc | 1.1.5 | 7.55 | 205.70 | 213.25 | OK | |
r-devel-linux-x86_64-fedora-clang | 1.1.5 | 334.98 | NOTE | |||
r-devel-linux-x86_64-fedora-gcc | 1.1.5 | 334.40 | OK | |||
r-patched-linux-x86_64 | 1.1.5 | 13.43 | 264.39 | 277.82 | OK | |
r-release-linux-x86_64 | 1.1.5 | 7.90 | 256.07 | 263.97 | OK | |
r-release-macos-arm64 | 1.1.5 | OK | ||||
r-release-macos-x86_64 | 1.1.5 | OK | ||||
r-release-windows-x86_64 | 1.1.5 | 81.00 | 305.00 | 386.00 | OK | |
r-oldrel-macos-arm64 | 1.1.5 | OK | ||||
r-oldrel-macos-x86_64 | 1.1.5 | OK | ||||
r-oldrel-windows-ix86+x86_64 | 1.1.5 | 21.00 | 304.00 | 325.00 | OK |
Version: 1.1.5
Check: Rd cross-references
Result: NOTE
Undeclared packages ‘quantreg’, ‘effects’, ‘Hmisc’, ‘rockchalk’, ‘pequod’ in Rd xrefs
Flavor: r-devel-linux-x86_64-fedora-clang