Last updated on 2022-04-24 03:52:28 CEST.
Flavor | Version | Tinstall | Tcheck | Ttotal | Status | Flags |
---|---|---|---|---|---|---|
r-devel-linux-x86_64-debian-clang | 1.1 | 3.28 | 43.79 | 47.07 | NOTE | |
r-devel-linux-x86_64-debian-gcc | 1.1 | 2.98 | 33.12 | 36.10 | NOTE | |
r-devel-linux-x86_64-fedora-clang | 1.1 | 57.85 | NOTE | |||
r-devel-linux-x86_64-fedora-gcc | 1.1 | 46.13 | NOTE | |||
r-patched-linux-x86_64 | 1.1 | 4.66 | 42.39 | 47.05 | NOTE | |
r-release-linux-x86_64 | 1.1 | 3.93 | 41.50 | 45.43 | NOTE | |
r-release-macos-arm64 | 1.1 | NOTE | ||||
r-release-macos-x86_64 | 1.1 | NOTE | ||||
r-release-windows-x86_64 | 1.1 | 22.00 | 57.00 | 79.00 | NOTE | |
r-oldrel-macos-arm64 | 1.1 | NOTE | ||||
r-oldrel-macos-x86_64 | 1.1 | NOTE | ||||
r-oldrel-windows-ix86+x86_64 | 1.1 | 7.00 | 49.00 | 56.00 | NOTE |
Version: 1.1
Check: R code for possible problems
Result: NOTE
HH: no visible global function definition for 'var'
HH: no visible global function definition for 'qnorm'
exactCI: no visible global function definition for 'quantile'
sample.n: no visible global function definition for 'rbinom'
Undefined global functions or variables:
qnorm quantile rbinom var
Consider adding
importFrom("stats", "qnorm", "quantile", "rbinom", "var")
to your NAMESPACE file.
Flavors: r-devel-linux-x86_64-debian-clang, r-devel-linux-x86_64-debian-gcc, r-devel-linux-x86_64-fedora-clang, r-devel-linux-x86_64-fedora-gcc, r-patched-linux-x86_64, r-release-linux-x86_64, r-release-macos-arm64, r-release-macos-x86_64, r-release-windows-x86_64, r-oldrel-macos-arm64, r-oldrel-macos-x86_64, r-oldrel-windows-ix86+x86_64