Last updated on 2022-04-24 03:52:28 CEST.
Flavor | Version | Tinstall | Tcheck | Ttotal | Status | Flags |
---|---|---|---|---|---|---|
r-devel-linux-x86_64-debian-clang | 0.1.0 | 2.95 | 36.95 | 39.90 | OK | |
r-devel-linux-x86_64-debian-gcc | 0.1.0 | 2.24 | 27.94 | 30.18 | OK | |
r-devel-linux-x86_64-fedora-clang | 0.1.0 | 47.05 | NOTE | |||
r-devel-linux-x86_64-fedora-gcc | 0.1.0 | 35.82 | OK | |||
r-patched-linux-x86_64 | 0.1.0 | 2.78 | 34.57 | 37.35 | OK | |
r-release-linux-x86_64 | 0.1.0 | 2.61 | 33.76 | 36.37 | OK | |
r-release-macos-arm64 | 0.1.0 | OK | ||||
r-release-macos-x86_64 | 0.1.0 | OK | ||||
r-release-windows-x86_64 | 0.1.0 | 12.00 | 57.00 | 69.00 | OK | |
r-oldrel-macos-arm64 | 0.1.0 | OK | ||||
r-oldrel-macos-x86_64 | 0.1.0 | OK | ||||
r-oldrel-windows-ix86+x86_64 | 0.1.0 | 6.00 | 42.00 | 48.00 | OK |
Version: 0.1.0
Check: Rd cross-references
Result: NOTE
Undeclared package ‘colorspace’ in Rd xrefs
Flavor: r-devel-linux-x86_64-fedora-clang