Last updated on 2022-04-24 03:52:28 CEST.
Flavor | Version | Tinstall | Tcheck | Ttotal | Status | Flags |
---|---|---|---|---|---|---|
r-devel-linux-x86_64-debian-clang | 0.1.1 | 35.49 | 37.00 | 72.49 | NOTE | |
r-devel-linux-x86_64-debian-gcc | 0.1.1 | 28.14 | 28.68 | 56.82 | NOTE | |
r-devel-linux-x86_64-fedora-clang | 0.1.1 | 104.82 | NOTE | |||
r-devel-linux-x86_64-fedora-gcc | 0.1.1 | 85.48 | NOTE | |||
r-patched-linux-x86_64 | 0.1.1 | 33.59 | 35.81 | 69.40 | NOTE | |
r-release-linux-x86_64 | 0.1.1 | 28.50 | 34.40 | 62.90 | NOTE | |
r-release-macos-arm64 | 0.1.1 | NOTE | ||||
r-release-macos-x86_64 | 0.1.1 | NOTE | ||||
r-release-windows-x86_64 | 0.1.1 | 50.00 | 75.00 | 125.00 | NOTE | |
r-oldrel-macos-arm64 | 0.1.1 | NOTE | ||||
r-oldrel-macos-x86_64 | 0.1.1 | NOTE | ||||
r-oldrel-windows-ix86+x86_64 | 0.1.1 | 84.00 | 70.00 | 154.00 | NOTE |
Version: 0.1.1
Check: LazyData
Result: NOTE
'LazyData' is specified without a 'data' directory
Flavors: r-devel-linux-x86_64-debian-clang, r-devel-linux-x86_64-debian-gcc, r-devel-linux-x86_64-fedora-clang, r-devel-linux-x86_64-fedora-gcc, r-patched-linux-x86_64, r-release-linux-x86_64, r-release-macos-arm64, r-release-macos-x86_64, r-release-windows-x86_64, r-oldrel-macos-arm64, r-oldrel-macos-x86_64, r-oldrel-windows-ix86+x86_64