Last updated on 2022-04-24 03:52:28 CEST.
Flavor | Version | Tinstall | Tcheck | Ttotal | Status | Flags |
---|---|---|---|---|---|---|
r-devel-linux-x86_64-debian-clang | 1.0-33 | 108.90 | 52.36 | 161.26 | WARN | |
r-devel-linux-x86_64-debian-gcc | 1.0-33 | 93.58 | 41.16 | 134.74 | WARN | |
r-devel-linux-x86_64-fedora-clang | 1.0-33 | 234.27 | WARN | |||
r-devel-linux-x86_64-fedora-gcc | 1.0-33 | 206.04 | OK | |||
r-patched-linux-x86_64 | 1.0-33 | 100.28 | 52.54 | 152.82 | OK | |
r-release-linux-x86_64 | 1.0-33 | 94.08 | 51.20 | 145.28 | OK | |
r-release-macos-arm64 | 1.0-33 | NOTE | ||||
r-release-macos-x86_64 | 1.0-33 | NOTE | ||||
r-release-windows-x86_64 | 1.0-33 | 86.00 | 98.00 | 184.00 | OK | |
r-oldrel-macos-arm64 | 1.0-33 | NOTE | ||||
r-oldrel-macos-x86_64 | 1.0-33 | NOTE | ||||
r-oldrel-windows-ix86+x86_64 | 1.0-33 | 229.00 | 100.00 | 329.00 | OK |
Version: 1.0-33
Check: whether package can be installed
Result: WARN
Found the following significant warnings:
common.cpp:40:8: warning: use of bitwise '&' with boolean operands [-Wbitwise-instead-of-logical]
common.cpp:45:8: warning: use of bitwise '&' with boolean operands [-Wbitwise-instead-of-logical]
partDeriv.cpp:249:6: warning: use of bitwise '&' with boolean operands [-Wbitwise-instead-of-logical]
partDeriv.cpp:957:6: warning: use of bitwise '|' with boolean operands [-Wbitwise-instead-of-logical]
shullDeltri.cpp:116:12: warning: use of bitwise '&' with boolean operands [-Wbitwise-instead-of-logical]
shullDeltri.cpp:130:12: warning: use of bitwise '&' with boolean operands [-Wbitwise-instead-of-logical]
shullDeltri.cpp:144:12: warning: use of bitwise '&' with boolean operands [-Wbitwise-instead-of-logical]
Flavors: r-devel-linux-x86_64-debian-clang, r-devel-linux-x86_64-fedora-clang
Version: 1.0-33
Check: whether package can be installed
Result: WARN
Found the following significant warnings:
s_hull_pro.cpp:1639:9: warning: ‘tx.Triad::ro’ is used uninitialized [-Wuninitialized]
s_hull_pro.cpp:1639:9: warning: ‘tx.Triad::R’ is used uninitialized [-Wuninitialized]
s_hull_pro.cpp:1639:13: warning: ‘tx2.Triad::ro’ is used uninitialized [-Wuninitialized]
s_hull_pro.cpp:1639:13: warning: ‘tx2.Triad::R’ is used uninitialized [-Wuninitialized]
s_hull_pro.cpp:781:9: warning: ‘tx.Triad::ro’ is used uninitialized [-Wuninitialized]
s_hull_pro.cpp:781:9: warning: ‘tx.Triad::R’ is used uninitialized [-Wuninitialized]
s_hull_pro.cpp:781:13: warning: ‘tx2.Triad::ro’ is used uninitialized [-Wuninitialized]
s_hull_pro.cpp:781:13: warning: ‘tx2.Triad::R’ is used uninitialized [-Wuninitialized]
s_hull_pro.cpp:1188:13: warning: ‘tx2.Triad::ro’ is used uninitialized [-Wuninitialized]
s_hull_pro.cpp:1188:13: warning: ‘tx2.Triad::R’ is used uninitialized [-Wuninitialized]
s_hull_pro.cpp:1188:9: warning: ‘tx.Triad::ro’ is used uninitialized [-Wuninitialized]
s_hull_pro.cpp:1188:9: warning: ‘tx.Triad::R’ is used uninitialized [-Wuninitialized]
Flavor: r-devel-linux-x86_64-debian-gcc
Version: 1.0-33
Check: installed package size
Result: NOTE
installed size is 23.8Mb
sub-directories of 1Mb or more:
libs 23.5Mb
Flavors: r-devel-linux-x86_64-fedora-clang, r-release-macos-arm64, r-release-macos-x86_64, r-oldrel-macos-arm64, r-oldrel-macos-x86_64
Version: 1.0-33
Check: Rd cross-references
Result: NOTE
Undeclared packages ‘RcppEigen’, ‘tripack’ in Rd xrefs
Flavor: r-devel-linux-x86_64-fedora-clang