Last updated on 2022-04-24 03:52:28 CEST.
Flavor | Version | Tinstall | Tcheck | Ttotal | Status | Flags |
---|---|---|---|---|---|---|
r-devel-linux-x86_64-debian-clang | 0.1.1 | 10.31 | 177.96 | 188.27 | OK | |
r-devel-linux-x86_64-debian-gcc | 0.1.1 | 7.91 | 126.43 | 134.34 | OK | |
r-devel-linux-x86_64-fedora-clang | 0.1.1 | 230.02 | NOTE | |||
r-devel-linux-x86_64-fedora-gcc | 0.1.1 | 198.80 | NOTE | |||
r-patched-linux-x86_64 | 0.1.1 | 9.34 | 161.00 | 170.34 | OK | |
r-release-linux-x86_64 | 0.1.1 | 10.50 | 185.75 | 196.25 | OK | |
r-release-macos-arm64 | 0.1.1 | NOTE | ||||
r-release-macos-x86_64 | 0.1.1 | NOTE | ||||
r-release-windows-x86_64 | 0.1.1 | 105.00 | 234.00 | 339.00 | OK | |
r-oldrel-macos-arm64 | 0.1.1 | NOTE | ||||
r-oldrel-macos-x86_64 | 0.1.1 | NOTE | ||||
r-oldrel-windows-ix86+x86_64 | 0.1.1 | 24.00 | 226.00 | 250.00 | OK |
Version: 0.1.1
Check: dependencies in R code
Result: NOTE
Namespace in Imports field not imported from: ‘moonBook’
All declared Imports should be used.
Flavors: r-devel-linux-x86_64-fedora-clang, r-devel-linux-x86_64-fedora-gcc, r-release-macos-arm64, r-release-macos-x86_64, r-oldrel-macos-arm64, r-oldrel-macos-x86_64