Last updated on 2022-04-24 03:52:28 CEST.
Flavor | Version | Tinstall | Tcheck | Ttotal | Status | Flags |
---|---|---|---|---|---|---|
r-devel-linux-x86_64-debian-clang | 0.8.0 | 25.20 | 185.97 | 211.17 | NOTE | |
r-devel-linux-x86_64-debian-gcc | 0.8.0 | 22.47 | 126.05 | 148.52 | NOTE | |
r-devel-linux-x86_64-fedora-clang | 0.8.0 | 244.35 | NOTE | |||
r-devel-linux-x86_64-fedora-gcc | 0.8.0 | 207.21 | NOTE | |||
r-patched-linux-x86_64 | 0.8.0 | 20.96 | 166.01 | 186.97 | NOTE | |
r-release-linux-x86_64 | 0.8.0 | 23.01 | 158.74 | 181.75 | NOTE | |
r-release-macos-arm64 | 0.8.0 | NOTE | ||||
r-release-macos-x86_64 | 0.8.0 | NOTE | ||||
r-release-windows-x86_64 | 0.8.0 | 53.00 | 194.00 | 247.00 | NOTE | |
r-oldrel-macos-arm64 | 0.8.0 | NOTE | ||||
r-oldrel-macos-x86_64 | 0.8.0 | NOTE | ||||
r-oldrel-windows-ix86+x86_64 | 0.8.0 | 62.00 | 276.00 | 338.00 | NOTE |
Version: 0.8.0
Check: LazyData
Result: NOTE
'LazyData' is specified without a 'data' directory
Flavors: r-devel-linux-x86_64-debian-clang, r-devel-linux-x86_64-debian-gcc, r-devel-linux-x86_64-fedora-clang, r-devel-linux-x86_64-fedora-gcc, r-patched-linux-x86_64, r-release-linux-x86_64, r-release-macos-arm64, r-release-macos-x86_64, r-release-windows-x86_64, r-oldrel-macos-arm64, r-oldrel-macos-x86_64, r-oldrel-windows-ix86+x86_64