Last updated on 2022-04-24 03:52:28 CEST.
| Flavor | Version | Tinstall | Tcheck | Ttotal | Status | Flags | 
|---|---|---|---|---|---|---|
| r-devel-linux-x86_64-debian-clang | 1.0.1 | 80.65 | 420.49 | 501.14 | OK | |
| r-devel-linux-x86_64-debian-gcc | 1.0.1 | 71.41 | 320.31 | 391.72 | OK | |
| r-devel-linux-x86_64-fedora-clang | 1.0.1 | 622.24 | OK | |||
| r-devel-linux-x86_64-fedora-gcc | 1.0.1 | 594.10 | OK | |||
| r-patched-linux-x86_64 | 1.0.1 | 72.56 | 403.51 | 476.07 | OK | |
| r-release-linux-x86_64 | 1.0.1 | 65.08 | 378.48 | 443.56 | OK | |
| r-release-macos-arm64 | 1.0.1 | NOTE | ||||
| r-release-macos-x86_64 | 1.0.1 | OK | ||||
| r-release-windows-x86_64 | 1.0.1 | 104.00 | 443.00 | 547.00 | OK | |
| r-oldrel-macos-arm64 | 1.0.1 | NOTE | ||||
| r-oldrel-macos-x86_64 | 1.0.1 | OK | ||||
| r-oldrel-windows-ix86+x86_64 | 1.0.1 | 180.00 | 551.00 | 731.00 | OK | 
Version: 1.0.1
Check: installed package size
Result: NOTE
      installed size is  5.2Mb
      sub-directories of 1Mb or more:
        libs   4.4Mb
Flavors: r-release-macos-arm64, r-oldrel-macos-arm64