Last updated on 2022-04-24 03:52:28 CEST.
Flavor | Version | Tinstall | Tcheck | Ttotal | Status | Flags |
---|---|---|---|---|---|---|
r-devel-linux-x86_64-debian-clang | 1.0.0 | 3.83 | 73.07 | 76.90 | NOTE | |
r-devel-linux-x86_64-debian-gcc | 1.0.0 | 2.56 | 53.80 | 56.36 | NOTE | |
r-devel-linux-x86_64-fedora-clang | 1.0.0 | 92.23 | OK | |||
r-devel-linux-x86_64-fedora-gcc | 1.0.0 | 79.28 | OK | |||
r-patched-linux-x86_64 | 1.0.0 | 5.76 | 69.73 | 75.49 | NOTE | |
r-release-linux-x86_64 | 1.0.0 | 3.24 | 66.80 | 70.04 | NOTE | |
r-release-macos-arm64 | 1.0.0 | OK | ||||
r-release-macos-x86_64 | 1.0.0 | OK | ||||
r-release-windows-x86_64 | 1.0.0 | 107.00 | 103.00 | 210.00 | NOTE | |
r-oldrel-macos-arm64 | 1.0.0 | OK | ||||
r-oldrel-macos-x86_64 | 1.0.0 | OK | ||||
r-oldrel-windows-ix86+x86_64 | 1.0.0 | 7.00 | 88.00 | 95.00 | NOTE |
Version: 1.0.0
Check: package vignettes
Result: NOTE
Package vignette with placeholder title 'Vignette Title':
'intubate.Rmd'
Flavors: r-devel-linux-x86_64-debian-clang, r-devel-linux-x86_64-debian-gcc, r-patched-linux-x86_64, r-release-linux-x86_64, r-release-windows-x86_64, r-oldrel-windows-ix86+x86_64