Last updated on 2022-04-24 03:52:28 CEST.
Flavor | Version | Tinstall | Tcheck | Ttotal | Status | Flags |
---|---|---|---|---|---|---|
r-devel-linux-x86_64-debian-clang | 1.1 | 9.38 | 78.51 | 87.89 | NOTE | |
r-devel-linux-x86_64-debian-gcc | 1.1 | 6.10 | 59.21 | 65.31 | NOTE | |
r-devel-linux-x86_64-fedora-clang | 1.1 | 103.71 | NOTE | |||
r-devel-linux-x86_64-fedora-gcc | 1.1 | 89.55 | NOTE | |||
r-patched-linux-x86_64 | 1.1 | 8.54 | 73.59 | 82.13 | NOTE | |
r-release-linux-x86_64 | 1.1 | 8.29 | 70.35 | 78.64 | NOTE | |
r-release-macos-arm64 | 1.1 | NOTE | ||||
r-release-macos-x86_64 | 1.1 | NOTE | ||||
r-release-windows-x86_64 | 1.1 | 16.00 | 90.00 | 106.00 | NOTE | |
r-oldrel-macos-arm64 | 1.1 | NOTE | ||||
r-oldrel-macos-x86_64 | 1.1 | NOTE | ||||
r-oldrel-windows-ix86+x86_64 | 1.1 | 16.00 | 81.00 | 97.00 | NOTE |
Version: 1.1
Check: DESCRIPTION meta-information
Result: NOTE
Malformed Title field: should not end in a period.
Flavors: r-devel-linux-x86_64-debian-clang, r-devel-linux-x86_64-debian-gcc, r-devel-linux-x86_64-fedora-clang, r-devel-linux-x86_64-fedora-gcc, r-patched-linux-x86_64, r-release-linux-x86_64, r-release-macos-arm64, r-release-macos-x86_64, r-release-windows-x86_64, r-oldrel-macos-arm64, r-oldrel-macos-x86_64, r-oldrel-windows-ix86+x86_64
Version: 1.1
Check: R code for possible problems
Result: NOTE
f.B: no visible global function definition for 'pnorm'
f.B.neglog.deriv: no visible global function definition for 'pnorm'
f.B.neglog.deriv: no visible global function definition for 'dnorm'
f.grovest3 : f.est: no visible global function definition for 'survfit'
f.grovest3 : f.est: no visible global function definition for 'lines'
f.grovest3: no visible global function definition for 'model.frame'
f.grovest3: no visible global function definition for 'model.extract'
invGauss: no visible global function definition for 'model.frame'
invGauss: no visible global function definition for 'model.extract'
invGauss: no visible global function definition for 'model.matrix'
predict.invGauss: no visible global function definition for
'model.frame'
predict.invGauss: no visible global function definition for
'model.extract'
predict.invGauss: no visible global function definition for
'model.matrix'
predict.invGauss: no visible binding for global variable 'formula'
predict.invGauss: no visible binding for global variable 'data'
summary.invGauss: no visible global function definition for 'pnorm'
Undefined global functions or variables:
data dnorm formula lines model.extract model.frame model.matrix pnorm
survfit
Consider adding
importFrom("graphics", "lines")
importFrom("stats", "dnorm", "formula", "model.extract", "model.frame",
"model.matrix", "pnorm")
importFrom("utils", "data")
to your NAMESPACE file.
Flavors: r-devel-linux-x86_64-debian-clang, r-devel-linux-x86_64-debian-gcc, r-devel-linux-x86_64-fedora-clang, r-devel-linux-x86_64-fedora-gcc, r-patched-linux-x86_64, r-release-linux-x86_64, r-release-macos-arm64, r-release-macos-x86_64, r-release-windows-x86_64, r-oldrel-macos-arm64, r-oldrel-macos-x86_64, r-oldrel-windows-ix86+x86_64