Last updated on 2022-04-24 03:52:28 CEST.
Flavor | Version | Tinstall | Tcheck | Ttotal | Status | Flags |
---|---|---|---|---|---|---|
r-devel-linux-x86_64-debian-clang | 1.1-4 | 8.68 | 88.87 | 97.55 | OK | |
r-devel-linux-x86_64-debian-gcc | 1.1-4 | 7.24 | 67.68 | 74.92 | OK | |
r-devel-linux-x86_64-fedora-clang | 1.1-4 | 114.01 | NOTE | |||
r-devel-linux-x86_64-fedora-gcc | 1.1-4 | 100.96 | NOTE | |||
r-patched-linux-x86_64 | 1.1-4 | 9.48 | 84.57 | 94.05 | OK | |
r-release-linux-x86_64 | 1.1-4 | 8.29 | 81.42 | 89.71 | OK | |
r-release-macos-arm64 | 1.1-4 | NOTE | ||||
r-release-macos-x86_64 | 1.1-4 | NOTE | ||||
r-release-windows-x86_64 | 1.1-4 | 18.00 | 113.00 | 131.00 | OK | |
r-oldrel-macos-arm64 | 1.1-4 | NOTE | ||||
r-oldrel-macos-x86_64 | 1.1-4 | NOTE | ||||
r-oldrel-windows-ix86+x86_64 | 1.1-4 | 18.00 | 98.00 | 116.00 | OK |
Version: 1.1-4
Check: data for non-ASCII characters
Result: NOTE
Note: found 12106 marked UTF-8 strings
Flavors: r-devel-linux-x86_64-fedora-clang, r-devel-linux-x86_64-fedora-gcc, r-release-macos-arm64, r-release-macos-x86_64, r-oldrel-macos-arm64, r-oldrel-macos-x86_64