Last updated on 2022-04-24 03:52:28 CEST.
Flavor | Version | Tinstall | Tcheck | Ttotal | Status | Flags |
---|---|---|---|---|---|---|
r-devel-linux-x86_64-debian-clang | 1.4.2 | 3.41 | 61.25 | 64.66 | OK | |
r-devel-linux-x86_64-debian-gcc | 1.4.2 | 3.34 | 47.10 | 50.44 | OK | |
r-devel-linux-x86_64-fedora-clang | 1.4.2 | 84.83 | NOTE | |||
r-devel-linux-x86_64-fedora-gcc | 1.4.2 | 71.72 | OK | |||
r-patched-linux-x86_64 | 1.4.2 | 4.69 | 58.59 | 63.28 | OK | |
r-release-linux-x86_64 | 1.4.2 | 3.62 | 58.31 | 61.93 | OK | |
r-release-macos-arm64 | 1.4.2 | OK | ||||
r-release-macos-x86_64 | 1.4.2 | OK | ||||
r-release-windows-x86_64 | 1.4.2 | 24.00 | 120.00 | 144.00 | OK | |
r-oldrel-macos-arm64 | 1.4.2 | OK | ||||
r-oldrel-macos-x86_64 | 1.4.2 | OK | ||||
r-oldrel-windows-ix86+x86_64 | 1.4.2 | 8.00 | 85.00 | 93.00 | OK |
Version: 1.4.2
Check: Rd cross-references
Result: NOTE
Undeclared packages ‘nlstools’, ‘lme4’ in Rd xrefs
Flavor: r-devel-linux-x86_64-fedora-clang