Last updated on 2022-04-24 03:52:28 CEST.
Flavor | Version | Tinstall | Tcheck | Ttotal | Status | Flags |
---|---|---|---|---|---|---|
r-devel-linux-x86_64-debian-clang | 0.5.4 | 145.27 | 68.22 | 213.49 | OK | |
r-devel-linux-x86_64-debian-gcc | 0.5.4 | 112.43 | 51.18 | 163.61 | OK | |
r-devel-linux-x86_64-fedora-clang | 0.5.4 | 337.82 | NOTE | |||
r-devel-linux-x86_64-fedora-gcc | 0.5.4 | 281.86 | OK | |||
r-patched-linux-x86_64 | 0.5.4 | 123.89 | 64.44 | 188.33 | OK | |
r-release-linux-x86_64 | 0.5.4 | 118.87 | 63.90 | 182.77 | OK | |
r-release-macos-arm64 | 0.5.4 | NOTE | ||||
r-release-macos-x86_64 | 0.5.4 | NOTE | ||||
r-release-windows-x86_64 | 0.5.4 | 183.00 | 121.00 | 304.00 | OK | |
r-oldrel-macos-arm64 | 0.5.4 | NOTE | ||||
r-oldrel-macos-x86_64 | 0.5.4 | NOTE | ||||
r-oldrel-windows-ix86+x86_64 | 0.5.4 | 349.00 | 120.00 | 469.00 | OK |
Version: 0.5.4
Check: installed package size
Result: NOTE
installed size is 6.0Mb
sub-directories of 1Mb or more:
libs 5.5Mb
Flavors: r-devel-linux-x86_64-fedora-clang, r-release-macos-arm64, r-release-macos-x86_64, r-oldrel-macos-arm64, r-oldrel-macos-x86_64