Last updated on 2022-04-24 03:52:28 CEST.
Flavor | Version | Tinstall | Tcheck | Ttotal | Status | Flags |
---|---|---|---|---|---|---|
r-devel-linux-x86_64-debian-clang | 1.0.2 | 6.41 | 227.18 | 233.59 | NOTE | |
r-devel-linux-x86_64-debian-gcc | 1.0.2 | 4.78 | 166.86 | 171.64 | NOTE | |
r-devel-linux-x86_64-fedora-clang | 1.0.2 | 261.98 | NOTE | |||
r-devel-linux-x86_64-fedora-gcc | 1.0.2 | 253.67 | NOTE | |||
r-patched-linux-x86_64 | 1.0.2 | 6.97 | 207.39 | 214.36 | NOTE | |
r-release-linux-x86_64 | 1.0.2 | 5.23 | 210.99 | 216.22 | NOTE | |
r-release-macos-arm64 | 1.0.2 | NOTE | ||||
r-release-macos-x86_64 | 1.0.2 | NOTE | ||||
r-release-windows-x86_64 | 1.0.2 | 20.00 | 245.00 | 265.00 | NOTE | |
r-oldrel-macos-arm64 | 1.0.2 | NOTE | ||||
r-oldrel-macos-x86_64 | 1.0.2 | NOTE | ||||
r-oldrel-windows-ix86+x86_64 | 1.0.2 | 15.00 | 246.00 | 261.00 | NOTE |
Version: 1.0.2
Check: LazyData
Result: NOTE
'LazyData' is specified without a 'data' directory
Flavors: r-devel-linux-x86_64-debian-clang, r-devel-linux-x86_64-debian-gcc, r-devel-linux-x86_64-fedora-clang, r-devel-linux-x86_64-fedora-gcc, r-patched-linux-x86_64, r-release-linux-x86_64, r-release-macos-arm64, r-release-macos-x86_64, r-release-windows-x86_64, r-oldrel-macos-arm64, r-oldrel-macos-x86_64, r-oldrel-windows-ix86+x86_64