Last updated on 2022-04-24 03:52:28 CEST.
Flavor | Version | Tinstall | Tcheck | Ttotal | Status | Flags |
---|---|---|---|---|---|---|
r-devel-linux-x86_64-debian-clang | 0.7.3 | 78.28 | 114.00 | 192.28 | OK | |
r-devel-linux-x86_64-debian-gcc | 0.7.3 | 56.64 | 86.30 | 142.94 | OK | |
r-devel-linux-x86_64-fedora-clang | 0.7.3 | 280.73 | NOTE | |||
r-devel-linux-x86_64-fedora-gcc | 0.7.3 | 243.04 | OK | |||
r-patched-linux-x86_64 | 0.7.3 | 68.68 | 109.56 | 178.24 | OK | |
r-release-linux-x86_64 | 0.7.3 | 67.50 | 107.98 | 175.48 | OK | |
r-release-macos-arm64 | 0.7.3 | NOTE | ||||
r-release-macos-x86_64 | 0.7.3 | NOTE | ||||
r-release-windows-x86_64 | 0.7.3 | 85.00 | 146.00 | 231.00 | OK | |
r-oldrel-macos-arm64 | 0.7.3 | NOTE | ||||
r-oldrel-macos-x86_64 | 0.7.3 | NOTE | ||||
r-oldrel-windows-ix86+x86_64 | 0.7.3 | 174.00 | 169.00 | 343.00 | OK |
Version: 0.7.3
Check: installed package size
Result: NOTE
installed size is 8.0Mb
sub-directories of 1Mb or more:
libs 6.7Mb
Flavors: r-devel-linux-x86_64-fedora-clang, r-release-macos-arm64, r-release-macos-x86_64, r-oldrel-macos-arm64, r-oldrel-macos-x86_64