Last updated on 2022-04-24 03:52:28 CEST.
Flavor | Version | Tinstall | Tcheck | Ttotal | Status | Flags |
---|---|---|---|---|---|---|
r-devel-linux-x86_64-debian-clang | 0.0.11 | 17.21 | 118.58 | 135.79 | OK | |
r-devel-linux-x86_64-debian-gcc | 0.0.11 | 11.65 | 90.60 | 102.25 | OK | |
r-devel-linux-x86_64-fedora-clang | 0.0.11 | 169.55 | NOTE | |||
r-devel-linux-x86_64-fedora-gcc | 0.0.11 | 145.33 | NOTE | |||
r-patched-linux-x86_64 | 0.0.11 | 16.40 | 117.43 | 133.83 | OK | |
r-release-linux-x86_64 | 0.0.11 | 13.88 | 109.79 | 123.67 | OK | |
r-release-macos-arm64 | 0.0.11 | NOTE | ||||
r-release-macos-x86_64 | 0.0.11 | NOTE | ||||
r-release-windows-x86_64 | 0.0.11 | 30.00 | 142.00 | 172.00 | OK | |
r-oldrel-macos-arm64 | 0.0.11 | NOTE | ||||
r-oldrel-macos-x86_64 | 0.0.11 | NOTE | ||||
r-oldrel-windows-ix86+x86_64 | 0.0.11 | 27.00 | 126.00 | 153.00 | OK |
Version: 0.0.11
Check: dependencies in R code
Result: NOTE
Namespace in Imports field not imported from: ‘seqinr’
All declared Imports should be used.
Flavors: r-devel-linux-x86_64-fedora-clang, r-devel-linux-x86_64-fedora-gcc, r-release-macos-arm64, r-release-macos-x86_64, r-oldrel-macos-arm64, r-oldrel-macos-x86_64