Last updated on 2022-04-24 03:52:28 CEST.
Flavor | Version | Tinstall | Tcheck | Ttotal | Status | Flags |
---|---|---|---|---|---|---|
r-devel-linux-x86_64-debian-clang | 0.7.2 | 40.74 | 51.28 | 92.02 | OK | |
r-devel-linux-x86_64-debian-gcc | 0.7.2 | 37.96 | 39.23 | 77.19 | OK | |
r-devel-linux-x86_64-fedora-clang | 0.7.2 | 127.05 | NOTE | |||
r-devel-linux-x86_64-fedora-gcc | 0.7.2 | 111.94 | NOTE | |||
r-patched-linux-x86_64 | 0.7.2 | 40.74 | 48.20 | 88.94 | OK | |
r-release-linux-x86_64 | 0.7.2 | 37.57 | 48.02 | 85.59 | OK | |
r-release-macos-arm64 | 0.7.2 | NOTE | ||||
r-release-macos-x86_64 | 0.7.2 | NOTE | ||||
r-release-windows-x86_64 | 0.7.2 | 65.00 | 108.00 | 173.00 | OK | |
r-oldrel-macos-arm64 | 0.7.2 | NOTE | ||||
r-oldrel-macos-x86_64 | 0.7.2 | NOTE | ||||
r-oldrel-windows-ix86+x86_64 | 0.7.2 | 106.00 | 95.00 | 201.00 | OK |
Version: 0.7.2
Check: data for non-ASCII characters
Result: NOTE
Note: found 12 marked UTF-8 strings
Flavors: r-devel-linux-x86_64-fedora-clang, r-devel-linux-x86_64-fedora-gcc, r-release-macos-arm64, r-release-macos-x86_64, r-oldrel-macos-arm64, r-oldrel-macos-x86_64