Last updated on 2022-04-24 03:52:28 CEST.
Flavor | Version | Tinstall | Tcheck | Ttotal | Status | Flags |
---|---|---|---|---|---|---|
r-devel-linux-x86_64-debian-clang | 1.9.3 | 23.37 | 42.92 | 66.29 | OK | |
r-devel-linux-x86_64-debian-gcc | 1.9.3 | 20.02 | 33.01 | 53.03 | OK | |
r-devel-linux-x86_64-fedora-clang | 1.9.3 | 92.97 | NOTE | |||
r-devel-linux-x86_64-fedora-gcc | 1.9.3 | 73.43 | NOTE | |||
r-patched-linux-x86_64 | 1.9.3 | 19.54 | 41.51 | 61.05 | OK | |
r-release-linux-x86_64 | 1.9.3 | 22.00 | 41.81 | 63.81 | OK | |
r-release-macos-arm64 | 1.9.3 | NOTE | ||||
r-release-macos-x86_64 | 1.9.3 | NOTE | ||||
r-release-windows-x86_64 | 1.9.3 | 31.00 | 91.00 | 122.00 | OK | |
r-oldrel-macos-arm64 | 1.9.3 | NOTE | ||||
r-oldrel-macos-x86_64 | 1.9.3 | NOTE | ||||
r-oldrel-windows-ix86+x86_64 | 1.9.3 | 53.00 | 78.00 | 131.00 | OK |
Version: 1.9.3
Check: installed package size
Result: NOTE
installed size is 6.0Mb
sub-directories of 1Mb or more:
libs 5.4Mb
Flavors: r-devel-linux-x86_64-fedora-clang, r-release-macos-arm64, r-release-macos-x86_64, r-oldrel-macos-arm64, r-oldrel-macos-x86_64
Version: 1.9.3
Check: dependencies in R code
Result: NOTE
Namespace in Imports field not imported from: ‘Rcpp’
All declared Imports should be used.
Flavors: r-devel-linux-x86_64-fedora-clang, r-devel-linux-x86_64-fedora-gcc, r-release-macos-arm64, r-release-macos-x86_64, r-oldrel-macos-arm64, r-oldrel-macos-x86_64