Last updated on 2022-04-24 03:52:28 CEST.
Flavor | Version | Tinstall | Tcheck | Ttotal | Status | Flags |
---|---|---|---|---|---|---|
r-devel-linux-x86_64-debian-clang | 3.4.1 | 10.74 | 103.13 | 113.87 | NOTE | |
r-devel-linux-x86_64-debian-gcc | 3.4.1 | 8.99 | 76.92 | 85.91 | NOTE | |
r-devel-linux-x86_64-fedora-clang | 3.4.1 | 144.95 | NOTE | |||
r-devel-linux-x86_64-fedora-gcc | 3.4.1 | 131.88 | NOTE | |||
r-patched-linux-x86_64 | 3.4.1 | 9.22 | 101.46 | 110.68 | NOTE | |
r-release-linux-x86_64 | 3.4.1 | 9.69 | 100.48 | 110.17 | NOTE | |
r-release-macos-arm64 | 3.4.1 | NOTE | ||||
r-release-macos-x86_64 | 3.4.1 | NOTE | ||||
r-release-windows-x86_64 | 3.4.1 | 70.00 | 175.00 | 245.00 | NOTE | |
r-oldrel-macos-arm64 | 3.4.1 | NOTE | ||||
r-oldrel-macos-x86_64 | 3.4.1 | NOTE | ||||
r-oldrel-windows-ix86+x86_64 | 3.4.1 | 17.00 | 119.00 | 136.00 | NOTE |
Version: 3.4.1
Check: LazyData
Result: NOTE
'LazyData' is specified without a 'data' directory
Flavors: r-devel-linux-x86_64-debian-clang, r-devel-linux-x86_64-debian-gcc, r-devel-linux-x86_64-fedora-clang, r-devel-linux-x86_64-fedora-gcc, r-patched-linux-x86_64, r-release-linux-x86_64, r-release-macos-arm64, r-release-macos-x86_64, r-release-windows-x86_64, r-oldrel-macos-arm64, r-oldrel-macos-x86_64, r-oldrel-windows-ix86+x86_64
Version: 3.4.1
Check: package dependencies
Result: NOTE
Package suggested but not available for checking: ‘Rmpi’
Flavors: r-release-macos-arm64, r-release-macos-x86_64, r-oldrel-macos-arm64, r-oldrel-macos-x86_64