Last updated on 2022-04-24 03:52:28 CEST.
Flavor | Version | Tinstall | Tcheck | Ttotal | Status | Flags |
---|---|---|---|---|---|---|
r-devel-linux-x86_64-debian-clang | 0.2.2 | 13.45 | 93.24 | 106.69 | OK | |
r-devel-linux-x86_64-debian-gcc | 0.2.2 | 13.11 | 70.77 | 83.88 | OK | |
r-devel-linux-x86_64-fedora-clang | 0.2.2 | 127.18 | NOTE | |||
r-devel-linux-x86_64-fedora-gcc | 0.2.2 | 114.03 | OK | |||
r-patched-linux-x86_64 | 0.2.2 | 14.21 | 87.45 | 101.66 | OK | |
r-release-linux-x86_64 | 0.2.2 | 14.63 | 85.83 | 100.46 | OK | |
r-release-macos-arm64 | 0.2.2 | NOTE | ||||
r-release-macos-x86_64 | 0.2.2 | NOTE | ||||
r-release-windows-x86_64 | 0.2.2 | 32.00 | 111.00 | 143.00 | NOTE | |
r-oldrel-macos-arm64 | 0.2.2 | NOTE | ||||
r-oldrel-macos-x86_64 | 0.2.2 | NOTE | ||||
r-oldrel-windows-ix86+x86_64 | 0.2.2 | 33.00 | 101.00 | 134.00 | NOTE |
Version: 0.2.2
Check: installed package size
Result: NOTE
installed size is 12.2Mb
sub-directories of 1Mb or more:
R 11.7Mb
Flavors: r-devel-linux-x86_64-fedora-clang, r-release-macos-arm64, r-release-macos-x86_64, r-release-windows-x86_64, r-oldrel-macos-arm64, r-oldrel-macos-x86_64, r-oldrel-windows-ix86+x86_64