Last updated on 2022-04-24 03:52:28 CEST.
Flavor | Version | Tinstall | Tcheck | Ttotal | Status | Flags |
---|---|---|---|---|---|---|
r-devel-linux-x86_64-debian-clang | 0.2.3 | 3.54 | 36.24 | 39.78 | OK | |
r-devel-linux-x86_64-debian-gcc | 0.2.3 | 2.65 | 27.25 | 29.90 | OK | |
r-devel-linux-x86_64-fedora-clang | 0.2.3 | 47.47 | NOTE | |||
r-devel-linux-x86_64-fedora-gcc | 0.2.3 | 35.37 | OK | |||
r-patched-linux-x86_64 | 0.2.3 | 3.26 | 34.44 | 37.70 | OK | |
r-release-linux-x86_64 | 0.2.3 | 3.26 | 33.77 | 37.03 | OK | |
r-release-macos-arm64 | 0.2.3 | OK | ||||
r-release-macos-x86_64 | 0.2.3 | OK | ||||
r-release-windows-x86_64 | 0.2.3 | 13.00 | 52.00 | 65.00 | OK | |
r-oldrel-macos-arm64 | 0.2.3 | OK | ||||
r-oldrel-macos-x86_64 | 0.2.3 | OK | ||||
r-oldrel-windows-ix86+x86_64 | 0.2.3 | 6.00 | 44.00 | 50.00 | OK |
Version: 0.2.3
Check: Rd cross-references
Result: NOTE
Undeclared package ‘irr’ in Rd xrefs
Flavor: r-devel-linux-x86_64-fedora-clang