Last updated on 2022-04-24 03:52:28 CEST.
Flavor | Version | Tinstall | Tcheck | Ttotal | Status | Flags |
---|---|---|---|---|---|---|
r-devel-linux-x86_64-debian-clang | 0.2.5 | 171.24 | 182.08 | 353.32 | WARN | |
r-devel-linux-x86_64-debian-gcc | 0.2.5 | 147.51 | 130.71 | 278.22 | OK | |
r-devel-linux-x86_64-fedora-clang | 0.2.5 | 487.18 | WARN | |||
r-devel-linux-x86_64-fedora-gcc | 0.2.5 | 445.41 | OK | |||
r-patched-linux-x86_64 | 0.2.5 | 154.60 | 172.03 | 326.63 | OK | |
r-release-linux-x86_64 | 0.2.5 | 145.85 | 166.36 | 312.21 | OK | |
r-release-macos-arm64 | 0.2.5 | NOTE | ||||
r-release-macos-x86_64 | 0.2.5 | NOTE | ||||
r-release-windows-x86_64 | 0.2.5 | 183.00 | 230.00 | 413.00 | OK | |
r-oldrel-macos-arm64 | 0.2.5 | NOTE | ||||
r-oldrel-macos-x86_64 | 0.2.5 | NOTE | ||||
r-oldrel-windows-ix86+x86_64 | 0.2.5 | 382.00 | 291.00 | 673.00 | OK |
Version: 0.2.5
Check: whether package can be installed
Result: WARN
Found the following significant warnings:
item_analysis.cpp:75:7: warning: use of bitwise '|' with boolean operands [-Wbitwise-instead-of-logical]
Flavors: r-devel-linux-x86_64-debian-clang, r-devel-linux-x86_64-fedora-clang
Version: 0.2.5
Check: installed package size
Result: NOTE
installed size is 7.8Mb
sub-directories of 1Mb or more:
libs 6.4Mb
Flavors: r-devel-linux-x86_64-fedora-clang, r-release-macos-arm64, r-release-macos-x86_64, r-oldrel-macos-arm64, r-oldrel-macos-x86_64