Last updated on 2022-04-24 03:52:28 CEST.
Flavor | Version | Tinstall | Tcheck | Ttotal | Status | Flags |
---|---|---|---|---|---|---|
r-devel-linux-x86_64-debian-clang | 0.2 | 10.91 | 106.58 | 117.49 | NOTE | |
r-devel-linux-x86_64-debian-gcc | 0.2 | 9.26 | 82.21 | 91.47 | NOTE | |
r-devel-linux-x86_64-fedora-clang | 0.2 | 168.50 | NOTE | |||
r-devel-linux-x86_64-fedora-gcc | 0.2 | 128.49 | NOTE | |||
r-patched-linux-x86_64 | 0.2 | 10.67 | 100.64 | 111.31 | NOTE | |
r-release-linux-x86_64 | 0.2 | 9.67 | 96.52 | 106.19 | NOTE | |
r-release-macos-arm64 | 0.2 | NOTE | ||||
r-release-macos-x86_64 | 0.2 | NOTE | ||||
r-release-windows-x86_64 | 0.2 | 14.00 | 115.00 | 129.00 | NOTE | |
r-oldrel-macos-arm64 | 0.2 | NOTE | ||||
r-oldrel-macos-x86_64 | 0.2 | NOTE | ||||
r-oldrel-windows-ix86+x86_64 | 0.2 | 26.00 | 112.00 | 138.00 | NOTE |
Version: 0.2
Check: LazyData
Result: NOTE
'LazyData' is specified without a 'data' directory
Flavors: r-devel-linux-x86_64-debian-clang, r-devel-linux-x86_64-debian-gcc, r-devel-linux-x86_64-fedora-clang, r-devel-linux-x86_64-fedora-gcc, r-patched-linux-x86_64, r-release-linux-x86_64, r-release-macos-arm64, r-release-macos-x86_64, r-release-windows-x86_64, r-oldrel-macos-arm64, r-oldrel-macos-x86_64, r-oldrel-windows-ix86+x86_64