Last updated on 2022-04-24 03:52:28 CEST.
Flavor | Version | Tinstall | Tcheck | Ttotal | Status | Flags |
---|---|---|---|---|---|---|
r-devel-linux-x86_64-debian-clang | 1.0.0 | 4.21 | 95.63 | 99.84 | OK | |
r-devel-linux-x86_64-debian-gcc | 1.0.0 | 3.38 | 72.62 | 76.00 | OK | |
r-devel-linux-x86_64-fedora-clang | 1.0.0 | 124.23 | OK | |||
r-devel-linux-x86_64-fedora-gcc | 1.0.0 | 108.61 | OK | |||
r-patched-linux-x86_64 | 1.0.0 | 3.88 | 90.58 | 94.46 | OK | |
r-release-linux-x86_64 | 1.0.0 | 4.00 | 84.47 | 88.47 | OK | |
r-release-macos-arm64 | 1.0.0 | NOTE | ||||
r-release-macos-x86_64 | 1.0.0 | WARN | ||||
r-release-windows-x86_64 | 1.0.0 | 48.00 | 138.00 | 186.00 | OK | |
r-oldrel-macos-arm64 | 1.0.0 | NOTE | ||||
r-oldrel-macos-x86_64 | 1.0.0 | WARN | ||||
r-oldrel-windows-ix86+x86_64 | 1.0.0 | 12.00 | 123.00 | 135.00 | OK |
Version: 1.0.0
Check: package dependencies
Result: NOTE
Package suggested but not available for checking: ‘xcms’
Flavors: r-release-macos-arm64, r-oldrel-macos-arm64
Version: 1.0.0
Check: re-building of vignette outputs
Result: WARN
Error(s) in re-building vignettes:
...
--- re-building ‘isatabr.Rmd’ using rmarkdown
Warning in engine$weave(file, quiet = quiet, encoding = enc) :
Pandoc (>= 1.12.3) not available. Falling back to R Markdown v1.
Error: processing vignette 'isatabr.Rmd' failed with diagnostics:
there is no package called 'stringi'
--- failed re-building ‘isatabr.Rmd’
SUMMARY: processing the following file failed:
‘isatabr.Rmd’
Error: Vignette re-building failed.
Execution halted
Flavors: r-release-macos-x86_64, r-oldrel-macos-x86_64