Last updated on 2022-04-24 03:52:28 CEST.
Flavor | Version | Tinstall | Tcheck | Ttotal | Status | Flags |
---|---|---|---|---|---|---|
r-devel-linux-x86_64-debian-clang | 0.4.0 | 4.87 | 95.45 | 100.32 | OK | |
r-devel-linux-x86_64-debian-gcc | 0.4.0 | 3.74 | 67.00 | 70.74 | OK | |
r-devel-linux-x86_64-fedora-clang | 0.4.0 | 118.50 | NOTE | |||
r-devel-linux-x86_64-fedora-gcc | 0.4.0 | 100.44 | NOTE | |||
r-patched-linux-x86_64 | 0.4.0 | 5.09 | 87.48 | 92.57 | OK | |
r-release-linux-x86_64 | 0.4.0 | 4.51 | 84.11 | 88.62 | OK | |
r-release-macos-arm64 | 0.4.0 | NOTE | ||||
r-release-macos-x86_64 | 0.4.0 | NOTE | ||||
r-release-windows-x86_64 | 0.4.0 | 47.00 | 109.00 | 156.00 | OK | |
r-oldrel-macos-arm64 | 0.4.0 | NOTE | ||||
r-oldrel-macos-x86_64 | 0.4.0 | NOTE | ||||
r-oldrel-windows-ix86+x86_64 | 0.4.0 | 10.00 | 102.00 | 112.00 | OK |
Version: 0.4.0
Check: data for non-ASCII characters
Result: NOTE
Note: found 104 marked UTF-8 strings
Flavors: r-devel-linux-x86_64-fedora-clang, r-devel-linux-x86_64-fedora-gcc, r-release-macos-arm64, r-release-macos-x86_64, r-oldrel-macos-arm64, r-oldrel-macos-x86_64