Last updated on 2022-04-24 03:52:28 CEST.
Flavor | Version | Tinstall | Tcheck | Ttotal | Status | Flags |
---|---|---|---|---|---|---|
r-devel-linux-x86_64-debian-clang | 0.2.5 | 2.54 | 35.27 | 37.81 | OK | |
r-devel-linux-x86_64-debian-gcc | 0.2.5 | 2.11 | 27.14 | 29.25 | OK | |
r-devel-linux-x86_64-fedora-clang | 0.2.5 | 47.08 | NOTE | |||
r-devel-linux-x86_64-fedora-gcc | 0.2.5 | 35.17 | NOTE | |||
r-patched-linux-x86_64 | 0.2.5 | 2.37 | 33.51 | 35.88 | OK | |
r-release-linux-x86_64 | 0.2.5 | 2.24 | 32.94 | 35.18 | OK | |
r-release-macos-arm64 | 0.2.5 | OK | ||||
r-release-macos-x86_64 | 0.2.5 | OK | ||||
r-release-windows-x86_64 | 0.2.5 | 45.00 | 59.00 | 104.00 | OK | |
r-oldrel-macos-arm64 | 0.2.5 | OK | ||||
r-oldrel-macos-x86_64 | 0.2.5 | OK | ||||
r-oldrel-windows-ix86+x86_64 | 0.2.5 | 7.00 | 38.00 | 45.00 | OK |
Version: 0.2.5
Check: compiled code
Result: NOTE
File ‘isingLenzMC/libs/isingLenzMC.so’:
Found no calls to: ‘R_registerRoutines’, ‘R_useDynamicSymbols’
It is good practice to register native routines and to disable symbol
search.
See ‘Writing portable packages’ in the ‘Writing R Extensions’ manual.
Flavors: r-devel-linux-x86_64-fedora-clang, r-devel-linux-x86_64-fedora-gcc