Last updated on 2022-04-24 03:52:28 CEST.
Flavor | Version | Tinstall | Tcheck | Ttotal | Status | Flags |
---|---|---|---|---|---|---|
r-devel-linux-x86_64-debian-clang | 0.2.0 | 8.57 | 78.65 | 87.22 | NOTE | |
r-devel-linux-x86_64-debian-gcc | 0.2.0 | 7.17 | 58.69 | 65.86 | NOTE | |
r-devel-linux-x86_64-fedora-clang | 0.2.0 | 102.03 | NOTE | |||
r-devel-linux-x86_64-fedora-gcc | 0.2.0 | 89.32 | NOTE | |||
r-patched-linux-x86_64 | 0.2.0 | 7.46 | 73.07 | 80.53 | NOTE | |
r-release-linux-x86_64 | 0.2.0 | 7.17 | 69.23 | 76.40 | NOTE | |
r-release-macos-arm64 | 0.2.0 | NOTE | ||||
r-release-macos-x86_64 | 0.2.0 | NOTE | ||||
r-release-windows-x86_64 | 0.2.0 | 16.00 | 92.00 | 108.00 | NOTE | |
r-oldrel-macos-arm64 | 0.2.0 | NOTE | ||||
r-oldrel-macos-x86_64 | 0.2.0 | NOTE | ||||
r-oldrel-windows-ix86+x86_64 | 0.2.0 | 17.00 | 76.00 | 93.00 | NOTE |
Version: 0.2.0
Check: LazyData
Result: NOTE
'LazyData' is specified without a 'data' directory
Flavors: r-devel-linux-x86_64-debian-clang, r-devel-linux-x86_64-debian-gcc, r-devel-linux-x86_64-fedora-clang, r-devel-linux-x86_64-fedora-gcc, r-patched-linux-x86_64, r-release-linux-x86_64, r-release-macos-arm64, r-release-macos-x86_64, r-release-windows-x86_64, r-oldrel-macos-arm64, r-oldrel-macos-x86_64, r-oldrel-windows-ix86+x86_64