Last updated on 2022-04-24 03:52:28 CEST.
Flavor | Version | Tinstall | Tcheck | Ttotal | Status | Flags |
---|---|---|---|---|---|---|
r-devel-linux-x86_64-debian-clang | 1.1.0 | 3.84 | 76.66 | 80.50 | OK | |
r-devel-linux-x86_64-debian-gcc | 1.1.0 | 2.64 | 54.31 | 56.95 | OK | |
r-devel-linux-x86_64-fedora-clang | 1.1.0 | 95.86 | OK | |||
r-devel-linux-x86_64-fedora-gcc | 1.1.0 | 82.72 | OK | |||
r-patched-linux-x86_64 | 1.1.0 | 3.52 | 73.79 | 77.31 | OK | |
r-release-linux-x86_64 | 1.1.0 | 3.09 | 72.98 | 76.07 | OK | |
r-release-macos-arm64 | 1.1.0 | ERROR | ||||
r-release-macos-x86_64 | 1.1.0 | ERROR | ||||
r-release-windows-x86_64 | 1.1.0 | 21.00 | 97.00 | 118.00 | OK | |
r-oldrel-macos-arm64 | 1.1.0 | ERROR | ||||
r-oldrel-macos-x86_64 | 1.1.0 | ERROR | ||||
r-oldrel-windows-ix86+x86_64 | 1.1.0 | 8.00 | 85.00 | 93.00 | OK |
Version: 1.1.0
Check: whether package can be installed
Result: ERROR
Installation failed.
Flavors: r-release-macos-arm64, r-release-macos-x86_64, r-oldrel-macos-arm64, r-oldrel-macos-x86_64